 0. Let c(n) = -n - 5*n**3 + 2*n**z - 1 + 2*n**2 + 4*n**3. What is c(3)?
5
Suppose -2*m + 2*l = -0*l - 12, 3*l - 38 = -5*m. Suppose 4*w + m*w = 11. Let i(f) = -6*f + 1. Give i(w).
-5
Let l(h) be the third derivative of -h**5/60 - h**4/6 - 5*h**3/6 + h**2 - 89*h. Give l(-4).
-5
Suppose 7*u - 3*j + 185 = 9*u, 0 = 3*j + 15. Let p(c) = -c**2 - 19 - 40*c - 49*c + u*c. What is p(8)?
5
Let p(k) be the first derivative of -5*k + 324*k**2 + 1 - 325*k**2 + 28. Give p(-6).
7
Let a(g) = g**3 + g + 5. Suppose j + 25 = 25. What is a(j)?
5
Let z = -24 + 25. Let u(q) = 5 + z + q - 8. Let s be 4/(-6) - (-5)/3. What is u(s)?
-1
Let w(o) = o**3 + 7*o**2 - o - 5. Let a(v) = -2*v + 8. Let y be a(5). Let k be (-1 - -15)/(y - 1 - -1). What is w(k)?
2
Let k(z) be the first derivative of z**4/4 + 2*z**3/3 - z**2/2 - 2*z - 109. What is k(-4)?
-30
Let h(k) be the first derivative of k**4/4 - k**2/2 - k - 16. Let o(g) = 3*g**3 - g + 10. Let v(l) = -2*h(l) + o(l). Calculate v(0).
12
Let f(r) = -9*r - 36. Let i(j) = 6*j + 16. Let b(p) = 3*f(p) + 5*i(p). Calculate b(12).
8
Let d = -27 - -16. Let m(i) = 10*i**2 - 2*i + 3. Let w(q) = 50*q**2 - 10*q + 16. Let k(s) = d*m(s) + 2*w(s). Give k(1).
-9
Let c be -2 - -4 - (1 + 1). Suppose 0*v + 7*v + 5*v = c. Let y(p) = -p**3 - p**2 - p + 17. Determine y(v).
17
Let j = -28 - -19. Let v(m) = -2*m - 12. Give v(j).
6
Suppose 0 = 6*k - 8*k + 6. Suppose k*h + 25 = 7. Let i(x) = x**2 + 7*x. What is i(h)?
-6
Let o(h) = 15*h + 4. Suppose -21*b - 38 = -2*b. What is o(b)?
-26
Let x(c) = -12*c**2 + 3*c**3 + 3 - 2*c**3 - 3*c**3 + c**3 - 11*c. Let h be x(-11). Let l(s) = s**h - 7*s + 0*s**2 - 3*s**2 - s**2 - s**2 + 6. Give l(6).
0
Let c(h) = 7 + 5*h**2 + 27*h - 4*h**2 - 16*h. Determine c(-9).
-11
Let l(h) be the first derivative of -h**4/4 + h**3/3 + h**2/2 + 48*h - 21. What is l(0)?
48
Let q(f) be the third derivative of 5*f**4/24 + f**3 - 19*f**2. Let w(g) = -8*g - 9. Let m(o) = 7*q(o) + 5*w(o). Calculate m(-2).
7
Let m(x) be the first derivative of 3*x**4/4 - x - 308. Suppose -3*y = -y + 2. Determine m(y).
-4
Let n(m) be the third derivative of m**5/60 - m**4/24 - 2*m**3/3 - 98*m**2. What is n(-3)?
8
Let p(c) = 2*c + 2. Let v(d) = -7*d - 16. Let q(f) = 3*p(f) + v(f). Determine q(-10).
0
Let g(u) = 3*u - 5. Suppose -3*k + 2*k = -4*q - 3, -5*k + 15 = 4*q. Suppose -4*a + 4 + 12 = q. Give g(a).
7
Let x(q) = q**3 - 19*q**2 - 16*q - 10. Let i(c) = -2*c**3 + 39*c**2 + 32*c + 21. Let w(m) = -4*i(m) - 9*x(m). What is w(16)?
6
Let w = 390 - 384. Let r(j) = j**2 - 5*j - 5. Give r(w).
1
Let l(j) be the first derivative of j**4/8 + j**3/6 + 7*j**2/2 + 3*j - 49. Let y(t) be the second derivative of l(t). Calculate y(-2).
-5
Let h(o) = -o**3 + 2*o**2 + 7*o - 13. Let t be h(3). Let w(r) = 6*r**2 - r. Give w(t).
7
Let p(k) = -k**2 + k - 1. Let s(d) = 6*d**2 + 4*d + 16. Let x(f) = 5*p(f) + s(f). Let l be x(-8). Let c(q) = -1 + 2*q + 0*q + 0*q - l*q. Calculate c(2).
-3
Let v(y) be the first derivative of -y**3/3 + y**2 - 74. What is v(2)?
0
Let x(l) = 3*l + 41. Let m be x(-13). Let g(p) = 9*p**2 + p + 18*p**m + 0*p**2. Give g(-1).
26
Let a(s) = -s**2 - 1 - 6*s + 4*s + s**3 + 0*s**2 - 1. Let u(c) = -c**2 - c - 1. Let h(n) = -2*a(n) + 4*u(n). Give h(2).
-24
Let d(i) be the second derivative of -i**5/20 - 19*i**4/12 - 3*i**3 - 13*i**2 + 566*i. Calculate d(-18).
-26
Let v = -20 + 20. Let g(o) = 11 - 16 + v*o**2 - o**2 + 7*o. Calculate g(6).
1
Let m be 5 - (4 + -3 + 3). Let t be (-2 + 1)/(m/(-3)). Let r(y) = -y**3 + y**2 + 4*y**3 + 2*y**2 - 2*y**3 + t. Determine r(-4).
-13
Let b(s) = -s**3 + 19*s**2 + 22*s - 42. Let k be b(20). Let v(g) = -2*g**3 + g**2 + 2*g - 1. Calculate v(k).
15
Suppose 5*b + 3*w + 17 = 2*w, -5*b - 2*w - 19 = 0. Let v(r) = -2*r**2 - 5*r + 2. Give v(b).
-1
Suppose 16 = 2*g - 5*l - 15, 0 = 5*l + 15. Let o(a) = -a - 100 + 100 + g*a**2. Calculate o(1).
7
Suppose -l + 0*l - 14 = -5*d, 12 = -3*l. Suppose -j = 2*j - 54. Let v(p) = j*p**2 - 2 + p**3 + 1 - 15*p**d. Determine v(-1).
1
Let n(k) = -4*k**2 - 14*k + 18. Let o(x) = -x**2 - 4*x + 6. Let q(y) = 2*n(y) - 7*o(y). Give q(5).
-31
Let d(f) = f + 1. Let j = 119 + -115. Suppose -n - 45 = -6*n. Suppose -j*h + 1 - n = 0. Give d(h).
-1
Let i(b) = -2 + 1093*b**2 - 9*b + 2 - 1092*b**2. What is i(9)?
0
Suppose 36 = -5*y + y. Let o be 30/y*(-18)/(-12). Let c(r) = -1 - r + 0*r + 3. Give c(o).
7
Let y(o) = -8*o**2 + 4. Let m(x) = 7*x**2 - 4. Let s(w) = 7*m(w) + 6*y(w). Let f(j) be the first derivative of s(j). Let i be ((-2)/6)/((-1)/3). What is f(i)?
2
Let u(x) be the third derivative of x**7/840 - x**6/360 - x**5/60 + 2*x**3 - 10*x**2. Let c(v) be the first derivative of u(v). What is c(2)?
0
Let n(b) = -5*b - 3. Let t(l) = 12*l + 8. Let m(y) = -5*n(y) - 2*t(y). Let v be (2/3)/(1/(-9)). What is m(v)?
-7
Let m = -70 + 101. Let a = m + -24. Let p(b) = 2*b - 9. What is p(a)?
5
Let t = -70 + 72. Let z(s) = -5*s + 5. Calculate z(t).
-5
Let o(l) = -l**3 - 20*l**2 - 36*l - 11. Let c be o(-18). Let j(z) = z**3 + 10*z**2 - 10*z + 16. Calculate j(c).
5
Suppose -k = 4, r - 3*k - k = 18. Let f(m) = 4*m + 1 + 3 + m**r - 8*m. Determine f(5).
9
Let m(h) = h**2 + 7*h + 4. Let s(w) = w**2 - w - 6. Let t be s(5). Suppose 4 = -3*b - t. Calculate m(b).
-2
Let v(o) be the first derivative of -8 + 1/4*o**4 - 1/6*o**3 + 1/120*o**6 + 0*o - 1/12*o**5 + 1/2*o**2. Let h(r) be the second derivative of v(r). Give h(4).
7
Let a(f) = 4*f + 5. Let n be a(5). Let v = -27 + n. Let w(y) be the second derivative of -y**3/3 - y**2 - y. Calculate w(v).
2
Let r(a) = 5*a**3 + a**2 + 10*a - 1. Let k(l) = -l**3 + l**2. Suppose -c = -q + 9, 4*c - 18 = -2*q - 3*q. Let v(u) = q*k(u) + r(u). Calculate v(8).
15
Let q(d) = 4*d**2 - 12*d + 2*d**3 - d**3 + 15 + 10*d**2 - 24*d**2. Calculate q(11).
4
Let s be (-4 + -1 - 280/(-40)) + 2. Let l(v) be the third derivative of -1/6*v**s + 5/6*v**3 - 4*v**2 + 0*v - 1/60*v**5 + 0. Determine l(-6).
-7
Let z(v) = 2*v + 1. Suppose -2*k + 5*u - 17 = -5*k, -14 = -3*k - 2*u. Suppose -2*h + k = 2*h. What is z(h)?
3
Let d be 5/(35/49) + -4*1. Suppose 0*i + 33 = -3*j - d*i, 39 = -4*j - 3*i. Let o(q) = -q**2 - 6*q + 4. Calculate o(j).
4
Let y = 16 - 13. Let c(o) = 13 + 3*o - y*o - 5 + o. Let t be 3*(-6)/108 + (-35)/6. Calculate c(t).
2
Let k = -1195 + 1206. Let g(m) = 2*m - 9. Determine g(k).
13
Let z be 0/((0 - 5) + 1 + -2). Let s(f) = f**3 + 12 + f + f**2 - f**2. Give s(z).
12
Let f = -40 + 42. Suppose -3*n + f = -3*s + 7*s, 0 = 3*s - 3*n + 9. Let d(b) = 7*b - 1. Determine d(s).
-8
Let p(b) = 12*b + 1. Let a be p(1). Let z = a - 11. Let v(o) = 5 + z*o**2 + 3*o**2 - o**2 + 6*o - 3*o**2. Determine v(-6).
5
Let z(c) = 0*c - c**3 - 3 + 79*c**2 - 2*c - 79*c**2 + 5*c. Calculate z(-3).
15
Let l(m) = -m**2 - 8*m - 12. Let s be l(-7). Let q be (-25)/s*8/10. Let h(o) be the first derivative of -o**3/3 + 5*o + 2. Give h(q).
-11
Let r(v) = -8 - 3*v + 18*v + 14*v + 11*v**2 - v**3 + 0*v + v**2. Determine r(14).
6
Let x(o) = o + 17. Let j be x(0). Let h = j - 13. Suppose -5*b + t + h = -4*b, -b + 4 = -5*t. Let i(v) = -v**2 + 4*v + 2. Determine i(b).
2
Let v(c) = -c**3 + 26*c**2 - 26*c + 29. Let l be v(25). Let i(d) = d + 3 + 12 - 16. What is i(l)?
3
Suppose -3*k + 4 = 16. Let y be 1 + (-2)/4*k. Let w(x) = 3*x**2 + x**3 + 4*x**y - 4*x**3 - 3 + 3*x + 6. Determine w(-2).
1
Let r(m) be the third derivative of m**5/60 - m**4/4 - 7*m**3/6 + 2*m**2 + 1. What is r(8)?
9
Suppose 4*j = -3*k + k, 0 = 4*k + 5*j + 3. Let h(l) = l**3 - l**2 + l. Let u(t) = -4*t**3 + 5*t**2 - 5*t - 2. Let i(x) = 5*h(x) + u(x). What is i(k)?
-10
Let m(q) = q**3 - 10*q**2 - 10*q - 16. Let b be 3 - ((-45)/3 - -7). Give m(b).
-5
Let j be 1 - (12 + (-5)/(-5)). Let k be (-6)/9*j/(-4). Let y(a) = a**3 + a**2 - 2*a - 1. What is y(k)?
-1
Suppose -4*s - 3*u = s - 39, 5*u - 21 = -s. Let r(l) = 6*l + 3 - l**2 - s + 3*l**2 - 3*l**2. Determine r(4).
5
Let p(l) be the second derivative of -l**5/20 - 5*l**4/12 + l**3/6 + 3*l**2/2 - 297*l. Give p(-3).
-18
Let l be (-1)/3*(3 - 3). Suppose -4 = -2*s - l. Let n(b) = 28*b - 6 - 30*b + s + 3. Determine n(4).
-9
Suppose 3*q - 8*q = p + 2, 0 = -p + 4*q + 7. Let g(v) = 7*v + 2*v - 10*v - 4*v. Calculate g(p).
-15
Let z(j) be the third derivative of 0 + j**3 - 2*j**2 + 0*j - 1/12*j**4. Let g(p) = -p**3 - 4*p**2 + 2*p + 12. Let t be g(-4). Deter